 Calculate the greatest common factor of t and f.
19
Let s(z) = z**3 - 8*z**2 - 8*z - 7. Suppose 4*y = y + 27. Let b be s(y). Let r be (b/(-1))/((-4)/10). Calculate the highest common divisor of r and 1.
1
Let g be (1 + (1 - 0))*10. Suppose -g - 35 = -b. Suppose 49*v - 10 = 47*v. What is the greatest common divisor of b and v?
5
Let o be 9*21/9 - 3. Calculate the greatest common factor of 36 and o.
18
Let h = 3 + 2. What is the highest common factor of 25 and h?
5
Let p be (3/(-6))/(1/(-74)). Let i be p/3 - (-8)/12. Let v(x) = 71*x + 1. Let j be v(2). Calculate the greatest common factor of j and i.
13
Let a = -55 + 78. Calculate the highest common divisor of a and 69.
23
Let f(x) = x**2 - 4*x - 2. Let u be f(7). Let q = -4 + u. Let v(l) = 12*l. Let p be v(5). What is the greatest common factor of p and q?
15
Let h(v) = v - 1. Let d(o) = 3*o**3 + 2*o**2 + 3*o - 4. Let p(q) = -d(q) + 3*h(q). Let r be p(-1). What is the highest common divisor of r and 5?
1
Let o = 0 - -2. Suppose 0 = -o*z - z + 45. What is the highest common factor of z and 15?
15
Let d(i) = 4*i**2 + 13*i + 8. Let s be d(-8). What is the highest common divisor of 32 and s?
32
Let r(g) = 4*g + 56. Let h be r(16). Calculate the greatest common divisor of h and 24.
24
Let o(y) = -y**2 - y + 121. Let a be o(0). Let n be 580/52 - 2/13. What is the greatest common divisor of a and n?
11
Suppose l - 5 = 13. What is the greatest common divisor of l and 18?
18
Suppose 0 = -6*k + k - 15. Let b(x) = 5*x + 3. Let q be b(k). Let i be (1/(3/q))/(-2). What is the greatest common factor of i and 18?
2
Let k be (6 - 3) + -2 + 0. Let r(p) = 6*p + 1. Let j be r(k). Calculate the greatest common divisor of j and 1.
1
Suppose 0 = 9*u - 4*u - 85. What is the greatest common factor of 68 and u?
17
Let n = 8 - 6. Let m be ((-1)/n)/(1/6). Let b be -18*((-2)/4 + m). Calculate the greatest common factor of b and 42.
21
Let c be (-2)/(-9) - (-14)/18. Let p(h) = -h + 33*h**2 + 29*h**2 + 1 + 34*h**2. Let x be p(c). Calculate the highest common divisor of 12 and x.
12
Let w be 16/(136/(-36) + 4). Let l be -1 - 3/(3/17). Let r be (0 + -1)/(2/l). What is the highest common divisor of r and w?
9
Let u(z) = 3*z**2 + 3*z - 2. Let n be u(-3). Let r be n*(1 - -3) - 1. What is the greatest common factor of r and 9?
9
Let z = 81 + -29. Suppose -25 = -g - 5*i, 4*g - 3*i = i + z. What is the highest common factor of 3 and g?
3
Let f(n) = -n**3 + n. Let a be f(0). Suppose -q = -a*q - 12. Let u = 25 - q. What is the greatest common divisor of u and 39?
13
Let t = 1 - 3. Let z be 4416/28 + t/(-7). Let q be z/10 - (-1)/5. Calculate the greatest common divisor of q and 48.
16
Let c be 6/21 + (-4)/14. Suppose -d - d = c. Suppose -50 = -2*n - 2*i, -4*n - 5*i + 0*i + 105 = d. Calculate the highest common divisor of 4 and n.
4
Suppose 0 = d + 7*q - 3*q - 5, 4*d - 39 = 3*q. What is the greatest common factor of 6 and d?
3
Suppose 5*x - q - 71 = 0, -67 = -4*x - x + 2*q. Calculate the greatest common factor of x and 135.
15
Let o = -13 - -7. Let y = o - -11. What is the highest common factor of y and 15?
5
Let w = 10 - 5. Suppose -3*n = -0*n + 5*o - 41, -o - 31 = -w*n. What is the highest common factor of 56 and n?
7
Let i(m) = 8*m**2 - 2*m. Let d be i(-2). Suppose -4*l + d = -0*l. What is the highest common divisor of 3 and l?
3
Let i = 17 + -24. Let c(a) = a**2 + 9*a - 7. Let v be c(i). Let q = v + 40. Calculate the highest common factor of 38 and q.
19
Let r(i) = -82*i - 2. Let z(b) = b - 1. Let y be z(0). Let n be r(y). Let g(q) = -12*q - 4. Let d be g(-3). What is the highest common divisor of n and d?
16
Let h be -2 + (592/4)/4. What is the highest common factor of h and 14?
7
Suppose f = 1 + 1. Let s = f + 1. Suppose -2 = s*p - 5*p. Calculate the highest common factor of 9 and p.
1
Let d be (10 - 0)/(3*(-14)/(-315)). Suppose 3*i = -k + 33, 5*k - 2*i = -0*i + 148. Calculate the highest common divisor of d and k.
15
Let i(q) be the third derivative of 0*q - 1/60*q**5 + 7/6*q**3 + 0 + 1/24*q**4 + 2*q**2. Let o be i(0). Calculate the highest common factor of o and 49.
7
Suppose -12*m - 10 = -7*m. Let h be -1 + -2 - (-23 + m). Let k = -23 - -78. What is the highest common divisor of k and h?
11
Let z be 373/5 - (-2)/5. Calculate the greatest common factor of z and 15.
15
Suppose -3 + 147 = 4*x. Suppose -4*i + i = -x. What is the highest common divisor of 3 and i?
3
Let a be (78/8)/(27/72). Let j = 63 - 24. Calculate the highest common factor of j and a.
13
Suppose 0 = 2*q - 2*x - 46, -3*q + 8*q - 4*x - 110 = 0. Let o(y) = -5 + 1 + y + 9*y**2 + 0*y. Let a be o(4). What is the greatest common factor of q and a?
18
Let g = -27 - -34. Calculate the greatest common divisor of g and 56.
7
Suppose -18 = -2*p - 2*x, 0 = -5*p + 3*x + 30 + 15. What is the greatest common divisor of p and 6?
3
Suppose -r + 0*r + 16 = 0. What is the highest common divisor of 176 and r?
16
Let t be (-899)/(-6) - (-3)/18. Suppose u - 6*u = -t. Let m be 78/8 - 3/(-12). Calculate the greatest common divisor of u and m.
10
Let l(m) = -5. Let v(c) = -c + 6. Let y(z) = 4*l(z) + 3*v(z). Let f be y(-7). What is the highest common factor of 171 and f?
19
Suppose t = -3*w + 206, 2*w - w + 2*t = 62. What is the highest common factor of w and 14?
14
Suppose -3 + 15 = 3*x, 5*c - 2*x = 567. What is the greatest common factor of c and 23?
23
Let s(r) = 2*r**2 - 7*r - 6. Let g be (-26)/(-3) - 2/3. Let y be s(g). What is the highest common factor of y and 6?
6
Let g(z) = -z**2 + 9*z - 9. Let k be g(6). Let i be (-11)/k - (-2)/9. Let h be (i + -5)*(-2 + -12). Calculate the highest common divisor of h and 12.
12
Suppose -57*d = -61*d + 24. Calculate the highest common factor of 8 and d.
2
Suppose -2*i + 0*i = -12. Let f(p) = p. Let z be f(2). Let o be (i/(-12))/(z/(-224)). Calculate the highest common divisor of 8 and o.
8
Suppose 5*m = -z + 12, -2*m + 2 = -z - 0*m. Suppose -z*s = -s - 8. What is the greatest common factor of 88 and s?
8
Let g = -89 + 146. Suppose 9 - g = -3*a. What is the greatest common factor of a and 32?
16
Let u = -86 + 166. Suppose 0*l = 2*l - 40. Calculate the highest common factor of u and l.
20
Let h(u) = 2*u - 3*u - 4 + 2*u. Let x be h(5). Calculate the greatest common factor of 3 and x.
1
Suppose 5*d = 39 + 21. Suppose -5*o - 10 = 0, 2*o = -5*l + 2*l + 392. What is the highest common factor of d and l?
12
Suppose y - 6 = -4*t + 58, 2*y - 16 = -t. Calculate the greatest common divisor of 8 and t.
8
Let y be 1 + 1 + 2 + 27 + 2. What is the highest common factor of 77 and y?
11
Suppose 3*q - 210 = 5*y, -2*q - 4*y + 280 = 2*q. Suppose 0 = -2*z - 189 + 209. What is the highest common divisor of z and q?
10
Let i be (0 - (-3)/(-2))*-2. Let r be (3 - -10) + -3 - i. Suppose r = f - 1. What is the greatest common factor of f and 40?
8
Suppose -2*h - 15 = h. Let p(o) be the second derivative of -o**3/2 - 3*o**2 + 2*o. Let a be p(h). What is the greatest common divisor of a and 45?
9
Suppose -4*a - 32 - 32 = 0. Let x = a - -25. What is the greatest common factor of x and 1?
1
Let d(k) = -k**2 - 10*k - 7. Let v be d(-7). Let m be 1 + -2 + v + 1. Calculate the greatest common factor of 112 and m.
14
Let v be (-6)/3*(-33)/6. Calculate the greatest common factor of v and 33.
11
Let q = -162 - -360. Calculate the highest common divisor of 22 and q.
22
Let c be ((-2)/4)/(2/(-32)). Let l = 12 + -12. Suppose t - 5 - 11 = l. Calculate the greatest common factor of c and t.
8
Let w = -51 - -54. Calculate the highest common divisor of 3 and w.
3
Suppose 0 = 12*l - 13*l + 17. What is the greatest common factor of 136 and l?
17
Let d = -27 - -31. What is the highest common factor of 8 and d?
4
Suppose 11*w - 192 + 60 = 0. What is the highest common divisor of w and 96?
12
Suppose -v = -5*z - 489, -v + 70 = 2*z + 260. Let q = z + 38. Let w be (q + -1)*(-4 + 3). What is the greatest common factor of 15 and w?
15
Let y(f) = -f**2 - 6*f - 4. Let k be y(-5). Let n = -2 - -4. What is the greatest common factor of n and k?
1
Let d(s) = 39*s. Let j be d(1). Let g be (j/52)/((-1)/(-32)). Calculate the greatest common divisor of 12 and g.
12
Suppose 4*p + 2*d - 34 - 40 = 0, 0 = d - 1. What is the highest common factor of 27 and p?
9
Let q = 16 - 19. Let x be 29 + 0 + q + 6. Calc